8?
88
What is the greatest common divisor of 14 and 903?
7
Calculate the greatest common divisor of 9 and 40401.
9
Calculate the highest common divisor of 323 and 629.
17
What is the greatest common factor of 84 and 15?
3
Calculate the greatest common factor of 553 and 7.
7
What is the greatest common divisor of 1300 and 125?
25
Calculate the greatest common factor of 215 and 5977.
43
Calculate the highest common divisor of 134 and 56347.
67
Calculate the greatest common divisor of 5767 and 79.
79
What is the greatest common factor of 342 and 198?
18
What is the highest common factor of 4 and 6?
2
Calculate the highest common divisor of 486 and 18.
18
What is the greatest common divisor of 1060 and 140?
20
Calculate the highest common factor of 658 and 35.
7
Calculate the greatest common divisor of 416 and 2016.
32
Calculate the highest common factor of 28 and 434.
14
What is the greatest common divisor of 40 and 104?
8
Calculate the greatest common factor of 16 and 96.
16
Calculate the greatest common divisor of 3173 and 703.
19
What is the highest common divisor of 198 and 132?
66
What is the greatest common divisor of 493 and 85?
17
What is the greatest common divisor of 805 and 210?
35
Calculate the highest common divisor of 1004 and 4.
4
Calculate the greatest common factor of 1292 and 136.
68
What is the highest common divisor of 7452 and 108?
108
What is the highest common divisor of 1152 and 3712?
128
Calculate the highest common divisor of 841 and 29.
29
Calculate the greatest common factor of 39 and 12.
3
What is the highest common factor of 121 and 187?
11
Calculate the greatest common factor of 24 and 136.
8
Calculate the greatest common factor of 8752 and 16.
16
Calculate the greatest common divisor of 1 and 41.
1
What is the highest common divisor of 135 and 20?
5
What is the highest common factor of 56 and 952?
56
What is the highest common divisor of 6 and 48?
6
What is the greatest common divisor of 500 and 275?
25
Calculate the greatest common divisor of 89 and 356.
89
Calculate the highest common divisor of 918 and 81.
27
Calculate the highest common divisor of 36 and 1548.
36
What is the greatest common factor of 45 and 711?
9
Calculate the highest common factor of 10 and 8.
2
Calculate the highest common factor of 350 and 56.
14
Calculate the greatest common factor of 16 and 80.
16
Calculate the greatest common divisor of 4004 and 33.
11
Calculate the highest common factor of 238 and 119.
119
Calculate the highest common divisor of 18 and 558.
18
Calculate the greatest common factor of 280 and 595.
35
What is the highest common divisor of 8 and 128?
8
What is the greatest common factor of 54 and 198?
18
Calculate the greatest common factor of 74 and 111.
37
What is the highest common factor of 70 and 45?
5
What is the greatest common divisor of 4 and 22?
2
Calculate the highest common divisor of 943 and 2050.
41
What is the greatest common divisor of 88 and 11?
11
Calculate the greatest common factor of 154 and 132.
22
Calculate the highest common factor of 12 and 192.
12
What is the highest common divisor of 29 and 4321?
29
What is the greatest common divisor of 18 and 4926?
6
Calculate the highest common factor of 195 and 75.
15
What is the highest common divisor of 3336 and 132?
12
Calculate the greatest common factor of 91 and 52.
13
What is the highest common factor of 20 and 12170?
10
What is the highest common divisor of 33 and 363?
33
What is the highest common factor of 736 and 276?
92
What is the greatest common factor of 2497 and 55?
11
Calculate the greatest common factor of 17 and 408.
17
What is the greatest common factor of 640 and 60?
20
Calculate the greatest common divisor of 1139 and 17.
17
Calculate the greatest common divisor of 90 and 3330.
90
Calculate the greatest common factor of 18 and 963.
9
Calculate the highest common divisor of 55 and 5995.
55
Calculate the highest common divisor of 2449 and 31.
31
What is the greatest common factor of 135 and 12?
3
Calculate the highest common factor of 114 and 12.
6
What is the greatest common divisor of 4 and 20?
4
Calculate the greatest common factor of 58 and 87.
29
Calculate the highest common factor of 56 and 3584.
56
What is the highest common factor of 1379 and 1773?
197
What is the highest common factor of 12258 and 6?
6
Calculate the highest common factor of 27 and 162.
27
Calculate the greatest common factor of 9153 and 81.
81
Calculate the greatest common factor of 1175 and 175.
25
What is the highest common factor of 1157 and 26?
13
What is the greatest common divisor of 308 and 28?
28
What is the greatest common factor of 418 and 187?
11
What is the greatest common factor of 2343 and 198?
33
What is the greatest common factor of 86 and 946?
86
What is the highest common factor of 3456 and 27?
27
Calculate the highest common factor of 1056 and 99.
33
Calculate the greatest common factor of 3317 and 62.
31
What is the highest common factor of 1376 and 774?
86
Calculate the highest common factor of 638 and 406.
58
Calculate the greatest common factor of 79 and 1.
1
Calculate the highest common divisor of 144 and 1380.
12
Calculate the highest common factor of 36012 and 24.
12
Calculate the highest common divisor of 999 and 37.
37
Calculate the greatest common factor of 5841 and 495.
99
Calculate the greatest common factor of 66 and 11.
11
What is the greatest common factor of 3190 and 20?
10
Calculate the highest common divisor of 204 and 24.
12
Calculate the highest common divisor of 8 and 836.
4
What is the highest common divisor of 22 and 21076?
22
Calculate the greatest common divisor of 20 and 205.
5
What is the greatest common divisor of 869 and 237?
79
What is the greatest common factor of 2637 and 153?
9
Calculate the greatest common factor of 3776 and 118.
118
Calculate the greatest common divisor of 72 and 63.
9
Calculate the greatest common factor of 54 and 918.
54
Calculate the greatest common divisor of 218 and 14279.
109
Calculate the greatest common factor of 12 and 852.
12
What is the highest common factor of 30 and 9285?
15
Calculate the highest common factor of 16 and 486.
2
What is the highest common divisor of 7 and 5033?
7
What is the highest common factor of 767 and 236?
59
What is the highest common divisor of 4148 and 17?
17
Calculate the greatest common divisor of 13 and 19.
1
Calculate the highest common factor of 36 and 12.
12
What is the greatest common divisor of 46 and 161?
23
Calculate the highest common factor of 11 and 5192.
11
What is the highest common divisor of 65 and 2795?
65
Calculate the highest common factor of 805 and 575.
115
What is the greatest common factor of 63 and 567?
63
What is the greatest common factor of 1529 and 278?
139
Calculate the highest common factor of 339 and 3.
3
What is the highest common factor of 473 and 387?
43
What is the greatest common factor of 629 and 222?
37
What is the greatest common divisor of 45 and 4149?
9
What is the greatest common factor of 79 and 56485?
79
What is the greatest common divisor of 110 and 130?
10
Calculate the highest common divisor of 308 and 11.
11
What is the greatest common divisor of 14 and 14?
14
What is the greatest common divisor of 108 and 12?
12
What is the greatest common factor of 4 and 1868?
4
Calculate the highest common factor of 3154 and 38.
38
What is the highest common divisor of 600 and 48?
24
Calculate the greatest common divisor of 36 and 32.
4
Calculate the greatest common divisor of 2584 and 380.
76
What is the greatest common factor of 20090 and 2940?
490
What is the greatest common factor of 616 and 2332?
44
Calculate the highest common divisor of 16 and 26.
2
Calculate the highest common factor of 143 and 104.
13
Calculate the greatest common divisor of 2860 and 30.
10
Calculate the highest common divisor of 1328 and 80.
16
What is the greatest common divisor of 140 and 16?
4
What is the greatest common factor of 84 and 6780?
12
What is the greatest common divisor of 6 and 16824?
6
What is the greatest common divisor of 255 and 1800?
15
What is the highest common divisor of 16566 and 22?
22
Calculate the highest common factor of 57 and 4617.
57
Calculate the greatest common divisor of 700 and 245.
35
What is the highest co